5) + 3 + 0. Let f = -139 + 74. Let l be (-2576)/(-13) + 10/f. What is the highest common divisor of k and l?
22
Let z(l) = 3*l**2 + 41*l + 37 - 9*l**2 + 4*l**2. Let x be z(21). Calculate the greatest common divisor of x and 8.
8
Suppose 0 = -4*d - 16, -3*d + d - 16 = -2*j. Suppose -4*s = 5*c - 372, 2*s + 93 = 3*s - j*c. What is the greatest common factor of s and 31?
31
Let k be (-46)/(-6) + (-1)/(-3). Suppose -5*u + 30 = 32*s - 36*s, -s = 2*u + 1. What is the greatest common divisor of u and k?
2
Let s(k) = k**3 - 6*k**2 + k - 6. Let o be s(6). Suppose 3*y - 8 - 34 = o. What is the greatest common divisor of y and 7?
7
Let i(y) = y**3 - y**2 + 3*y - 3. Let l be i(3). What is the highest common factor of 64 and l?
8
Let u(n) = -10*n + 24. Let c be u(-12). Let f = 207 - c. What is the highest common divisor of f and 42?
21
Let c(l) = -35*l**3 - 2*l**2 + 14*l + 23. Let b be c(-2). Calculate the greatest common factor of b and 623.
89
Let r(i) = 2*i**2 + i + 2. Let p be r(2). Let u(l) = l**2 + 32*l + 96. Let a be u(-30). Calculate the greatest common factor of a and p.
12
Suppose 0 = j + 3*j - 12, -o - 5*j - 69 = 0. Let c(d) = -2*d - 1. Let s be c(4). Let r be o/s - 4/(-6). What is the greatest common factor of 90 and r?
10
Suppose 3*p = -4*z + 633, 727 = 4*z - 4*p + 115. Suppose -3*a = a - z. Let g = 57 - a. Calculate the highest common divisor of 12 and g.
6
Let z = -69 - 79. Let y = -85 - z. Calculate the highest common divisor of 9 and y.
9
Let u be ((0 - 0) + 7)*9. Calculate the greatest common divisor of 21 and u.
21
Let j(a) = a**3 + 3*a**2 - 3*a + 7. Let s be j(-4). Let i be (25/(-2))/(2/(-4)). Let u = i - s. Calculate the greatest common factor of u and 11.
11
Let t = -25 + 27. Let h be 52/6 + t/6. Calculate the highest common divisor of 36 and h.
9
Suppose -3*q - 4*k + 29 = 0, 2*k + k - 27 = -3*q. Let h be (-6)/(-21) - (-246)/21. Let x = h + -5. What is the greatest common divisor of q and x?
7
Let j = 228 + -38. Calculate the greatest common factor of 114 and j.
38
Let k be (-4)/7*(-28)/8. Let n be 0/(-10) + 4/k. Let s be (-4*n)/((-18)/45). What is the greatest common factor of 8 and s?
4
Suppose -3*p - 4 = 6*o - 2*o, 4*p = 0. Let w be 0/6 + 1*2. Let a be w + -4 + (-12)/o. What is the greatest common divisor of a and 80?
10
Let f = 1050 - 840. What is the greatest common divisor of f and 154?
14
Suppose 4*i = -2*n + 32, -13*i + 15*i + 20 = 5*n. What is the highest common divisor of n and 66?
6
Let u be 10/(3 - -2) + -70. Let p = u - -96. What is the greatest common divisor of 42 and p?
14
Let o(a) = -a**2 + 18*a + 20. Suppose -2*v + r + 5 = -28, 2*r = -v + 24. Let m be o(v). What is the greatest common divisor of 8 and m?
4
Suppose 4*v = 5*w - 148, 0 = 2*w - 3*w + 4*v + 36. What is the greatest common factor of w and 7?
7
Suppose 23*a = q + 20*a - 156, 0 = -4*q - 3*a + 594. Calculate the highest common factor of q and 125.
25
Suppose -6*t - 677 = -t + 2*y, 121 = -t - 4*y. Let n = t + 237. What is the highest common divisor of 25 and n?
25
Suppose -2*m + t - 210 = -3*m, 630 = 3*m - t. Calculate the greatest common divisor of m and 40.
10
Let k be 3*20/6 + -1. Let w be 90/8 - k/(-12). Let j = -44 + 68. Calculate the highest common factor of j and w.
12
Let s(f) = -f**3 + 54*f**2 - 105*f + 64. Let z be s(52). Calculate the highest common factor of z and 320.
4
Let w be 1*-3 - (5 - (-2 - -2)). Let z be 12/16 - 1026/w. What is the highest common divisor of 43 and z?
43
Suppose 2*h - 3*h = -7*w - 2502, h + 4*w = 2535. Calculate the greatest common divisor of h and 29.
29
Let v be (-1)/(5/(-965)) - 1. Calculate the greatest common factor of v and 48.
48
Suppose 2*s + 253 = 5*d, 5*s + 46 = d - 0*s. Let c = d + -49. Calculate the greatest common divisor of c and 14.
2
Suppose 18 - 146 = -4*x. Calculate the greatest common divisor of 168 and x.
8
Let a = -29 + 34. Let n be (189/a - -1) + (-13)/(-65). What is the highest common factor of n and 429?
39
Suppose -2*c + 2416 = 4*h, 11*h = -3*c + 6*h + 3624. What is the greatest common factor of 8 and c?
8
Let s be (-1)/(76/8) + 3348/38. Calculate the greatest common divisor of 40 and s.
8
Let d(n) = n**3 - 26*n**2 + 51*n - 48. Let x be d(25). Calculate the highest common divisor of x and 86.
86
Let f(a) = -a - 6*a**2 - 4*a**2 + 2*a**2 + 9*a**2 - 2. Let u be f(3). Calculate the highest common divisor of u and 2.
2
Let v = -765 + 801. What is the highest common factor of v and 522?
18
Let z(v) = -583*v + 3. Let a be z(2). Let o = -745 - a. Calculate the greatest common divisor of 38 and o.
38
Let c be -7*(-9)/(-2) - 27/18. Let w = c - -54. Let o(f) = f**2 - 3*f + 3. Let d be o(-3). Calculate the greatest common divisor of w and d.
21
Let a(l) = -l**2 - 15*l + 3. Let h be a(-15). Calculate the greatest common divisor of 3 and h.
3
Let z = 0 - -5. Suppose 7*l = z*l + 44. Calculate the greatest common factor of l and 2.
2
Let j be 1 + (-4)/(8/(-4)). Suppose 4*f - 225 = 5*n - f, j*n - 4*f = -135. Let d = -30 - n. Calculate the highest common divisor of 165 and d.
15
Let t = -209 - -244. Let q = 1 + 6. What is the highest common factor of q and t?
7
Suppose 6*w = w + 95. Suppose -z + 11 + w = 5*q, -2*z = -q - 27. Calculate the highest common factor of 60 and z.
15
Suppose -21 - 11 = -2*a - 2*p, 0 = p - 3. Suppose t = -3*u + 46, 4*t - t - 116 = 2*u. Suppose 2*i - t + 14 = 0. What is the highest common divisor of a and i?
13
Let t = -132 + 618. Calculate the greatest common divisor of t and 9.
9
Let u be ((-30)/(-8))/((-1)/(-4)). Let f(k) = -8 + 14 + 30 + 4*k. Let o be f(21). What is the greatest common factor of o and u?
15
Let u(r) = r**3 + 11*r**2 - 13*r - 11. Let l be u(-12). Let p be 9/7 - (-2)/(-7). Let d = 0 + p. Calculate the highest common factor of d and l.
1
Suppose 3*x - u = u + 36, -4*u = -5*x + 58. Let s = x + -25. Let r = 12 + s. What is the highest common factor of r and 2?
1
Let y = -216 - -351. What is the highest common factor of y and 27?
27
Let k(z) = z**3 + 9*z**2 + 6*z + 7. Let d be k(-7). Let p = 4 - 2. Let b = p + 5. Calculate the highest common factor of d and b.
7
Let i(p) = 5*p**2 - 3*p - 4. Let y be i(2). Suppose y*l - 270 = 4*l. Calculate the highest common factor of l and 9.
9
Suppose 0 = -o + 7 - 3. Let a be (84/9 - 0)/(o/12). Let r(k) = 7*k + 7. Let j be r(5). Calculate the highest common divisor of a and j.
14
Let y be (2/(-3))/((-26)/156). Suppose y*r = 6*r - 32. What is the greatest common divisor of r and 48?
16
Let z be 2 - (1/(-1) + 1). Suppose -19 = c + a - 6, z*a + 10 = -c. Let q = -10 - c. What is the highest common divisor of q and 3?
3
Let m be 312/13*(-3)/(-12). Calculate the greatest common factor of 1746 and m.
6
Suppose 3*s - 5*s - 28 = 4*y, 0 = -3*y - 12. Let c be (3 - (-519)/s)*-2. Let o = c + -77. What is the greatest common factor of o and 10?
10
Suppose d = -2 + 47. Let z be 6/4*(-4)/6. Let b = d + z. Calculate the highest common divisor of 110 and b.
22
Suppose 0 = -2*d - 3*d - 25. Let j = d + 7. Suppose -j*v = -3*v + 2. What is the highest common factor of 1 and v?
1
Let b be 27 + ((-2)/(-4)*0)/1. Let j = -11 - -14. Calculate the greatest common divisor of b and j.
3
Let f = 3 + -1. Suppose r - 88 = -4*u, 5*r + 31 = u + 3*r. Let m = u + -5. What is the highest common factor of m and f?
2
Suppose 15 = -y + 57. Calculate the greatest common factor of 490 and y.
14
Suppose 5*l = -2*w + 101, 3*w + w - 160 = 4*l. Let o = 101 + w. Calculate the greatest common divisor of o and 16.
16
Let s(d) = -d**2 - 3*d + 1. Let y = 4 - 1. Let t be s(y). Let r = 38 + t. Calculate the highest common factor of r and 3.
3
Let s be -6*(5/3 - 5). What is the greatest common divisor of s and 140?
20
Let q be 128/3*(1 - -2). Suppose 6*m = 2*m + q. Suppose -3*h = 4*x - 338, -171*h = 3*x - 169*h - 252. What is the highest common divisor of m and x?
16
Let n be 14/(1 + (-16)/20). Let d = n + -49. What is the greatest common factor of d and 189?
21
Let v = -11 + 38. What is the highest common divisor of v and 2?
1
Let s(r) = 4*r + 23. Let m be s(-4). Suppose 0 = 5*w - m*w + 66. What is the greatest common divisor of 231 and w?
33
Suppose -3*v + 11*v - 16 = 0. Suppose 0 = -3*w + 4*z - 7, 0*z - v*z = -4*w + 4. What is the highest common divisor of w and 2?
1
Suppose 38 - 8 = d - 5*g